1. Suppose -m*w + 81 + 12 = 0. Is w a composite number?
False
Let x(r) = 0*r - 3 + 2*r + 4. Is x(1) composite?
False
Let q = -11 + 29. Is (3 + q/4)*2 prime?
False
Let u be 158/14 + (-2)/7. Suppose 3*y = u - 2. Suppose 125 = y*l + 11. Is l composite?
True
Let w(r) = -r**3 - 13*r**2 - 5*r + 16. Is w(-15) a composite number?
False
Let z be 0/(3/(4 + -1)). Suppose f = -z*f + 130. Suppose 2*v + t = 64, t - f = -5*v + 33. Is v a prime number?
False
Let f(m) = -41*m**2 + 1. Let c be f(-1). Let n = c - -105. Is n composite?
True
Suppose -3*q = 780 - 14259. Is q a composite number?
False
Suppose 0*s = 5*s - 1155. Suppose 4*q = o + s, 3*q - 6*o + 2*o - 170 = 0. Is q prime?
False
Suppose -v + 936 = 2*v. Let x = v - 193. Is x a composite number?
True
Suppose 1343 - 6398 = -5*r + 5*h, -16 = -4*h. Suppose 7 = f + 1. Suppose w + r = f*w. Is w prime?
False
Suppose 725 = 3*i - 52. Is i a composite number?
True
Let g = -2260 - -3321. Is g a prime number?
True
Let v be (-3)/(-3 + 90/28). Let x = -5 - v. Is x a composite number?
True
Is (-6)/3 - -68 - -3 a composite number?
True
Is (1902/(-12))/((-2)/4) a composite number?
False
Suppose 0 = -5*f + 3*f. Suppose f = -3*c + c + 82. Suppose -3*o - 3*t - 6 = -39, 4*o + t - c = 0. Is o prime?
False
Suppose 3*a + 419 = 3*x - 2*x, 2055 = 5*x - 5*a. Is x a prime number?
False
Let o be (3 + -1)*1 - 2/2. Let k(r) = 46*r**2 + 2*r + 5*r**2 - 1 - r. Is k(o) prime?
False
Let d(t) = 2*t**2 + 5*t - 2. Let f be d(-6). Let q = f - 2. Is q composite?
True
Let x = 17 + 7. Is -1 - (2/(-1) - x) prime?
False
Let x be (-5 - -2)*36/(-2). Let g = x - 37. Let s = g - -8. Is s a prime number?
False
Let m(p) = -40*p - 5. Is m(-3) composite?
True
Let s(u) = u**2 + 15. Let n be s(0). Let q = -8 - -13. Suppose p = -3*w + n, -q*p - 5*w + 4*w = -75. Is p composite?
True
Let c = -1296 - -1837. Is c a prime number?
True
Suppose -p = p + 8. Let q be (0 - p)*6/8. Suppose 2*b + q*b - 155 = 0. Is b composite?
False
Let h(o) = -o**2 - 7*o. Let f be h(-6). Suppose f*u - 31 = 5*u. Is u prime?
True
Let n(y) = y**2 + 8*y + 9. Let i be n(9). Let d = i - 103. Is d composite?
False
Suppose -16*d - 132 = -20*d. Is d a composite number?
True
Let q(z) = -z + 11. Let l be q(6). Let i(w) = 3*w - 4. Let j be i(l). Is (j - -2) + (2 - 1) a composite number?
True
Let h be ((-88)/(-10))/((-2)/(-10)). Let p = h + 5. Is p prime?
False
Suppose 4*s = -3*x + 342, -6*x - 6 = -3*x. Is s prime?
False
Let p(t) = 3 - t - 4*t - 1. Let f be p(7). Let c = f + 47. Is c composite?
True
Let n be (-2)/4 + (-49)/(-14). Is 102 - ((1 - 5) + n) prime?
True
Suppose 0 = -4*j - 5*u + 12, 9 = -4*j + 4*u - 15. Let a(o) = -2*o - 3. Let c be a(-3). Is 218/6 - j/c prime?
True
Suppose 0 = 2*p - 5*p + 12. Suppose -3*u + 29 = 4*x, 36 = p*u + 2*x + 4. Let n(r) = -r**3 + 9*r**2 + 9*r - 6. Is n(u) a prime number?
False
Suppose 0 = x - 1, 2*z = 2*x + 10. Suppose -4*r + 4*g - z = -886, -g - 443 = -2*r. Is r composite?
False
Let y(q) be the second derivative of -q**3/3 - 5*q**2/2 + 3*q. Suppose 3*f + 16 = -4*j, -2*f - 8 = 2*j - 0*f. Is y(j) prime?
True
Is 4/7 + (-7435)/(-35) prime?
False
Let w = -10 + 15. Is (-17)/(9/w + -2) a prime number?
False
Let l(n) be the third derivative of -n**5/60 + 13*n**4/24 - 3*n**3/2 + 4*n**2. Is l(6) prime?
False
Let m be -9*(-1)/(3/1). Suppose 0*y - 5*t + m = 2*y, 13 = 4*y + 3*t. Suppose 0*v = -y*v + 260. Is v prime?
False
Suppose -3*w = -9859 + 2122. Is w a composite number?
False
Let o(u) = -u**3 + u**2 + 3*u - 1. Let g be o(2). Is g*951*(-3)/(-9) a prime number?
True
Suppose q - t - 1457 = 0, 4*q + t = 3*q + 1461. Is q a prime number?
True
Let p(m) = -m**3 - m**2 + 3*m. Let u be p(-3). Let c = u - 13. Is (-400)/(-6) + c/(-12) composite?
False
Let f = -8 - -4. Let r(v) = -230*v - 120. Let w(m) = -21*m - 11. Let l(d) = 6*r(d) - 65*w(d). Is l(f) a prime number?
False
Let a = -92 + 218. Let y = 235 - a. Is y a composite number?
False
Suppose -3*d - 11 = -2*z + 11, d - 1 = -z. Let f = z + -3. Suppose -r + f*r - 13 = 0. Is r composite?
False
Suppose 2*j - 72 = 5*j. Let g = j + 9. Is -1 + 4/((-12)/g) a prime number?
False
Is (-6)/(-15) - 1179/(-15) prime?
True
Let x(o) = 2*o**2 - 3*o - 9. Is x(8) composite?
True
Suppose 5*a - 621 = 2544. Is a prime?
False
Let a be (-2)/(-9) + (-102)/(-27). Let z = 53 + a. Suppose -283 = -4*p + z. Is p a composite number?
True
Suppose -3*a = 4*k - 8 - 4, k = -4*a + 16. Let n be k*2/(-4)*-1. Let r = n - -35. Is r prime?
False
Suppose -5*y + 0*y = -3715. Is y a prime number?
True
Let x = 38 + 663. Is x prime?
True
Suppose 6*c + 226 = 7*c. Is c prime?
False
Let r(p) be the first derivative of 79*p**4/12 - p**3/6 + p**2 - 3. Let u(v) be the second derivative of r(v). Is u(1) a composite number?
False
Let q(m) = 5*m**2 - 7*m - 4. Let d be q(6). Suppose 8 = j + 4. Suppose 14 + d = j*r. Is r a composite number?
False
Let y(i) = 2*i**3 + 14*i**2 + 11*i - 5. Let c(p) = -p**3 - 7*p**2 - 6*p + 3. Let g = -6 - -12. Let m(o) = g*y(o) + 11*c(o). Is m(-5) a composite number?
False
Let p be 40812/20 - 2/(-5). Suppose 2*d - p = 5*m, -3*m = -5*d + 2064 + 3067. Suppose 6*s - 2*s - d = 0. Is s composite?
False
Let s(x) = x**3 + 8*x**2 - 2*x - 6. Let q be s(-8). Let t = 27 + q. Is t prime?
True
Let z be 523/5 + (-8)/(-20). Let h be -2 + 1 - 192/(-2). Suppose -y - 4*g + h = 2*y, 4*g + z = 5*y. Is y composite?
True
Suppose -2*q + 21 = q. Let m(t) = t**3 + 6*t**2 + 6*t + 2. Let c(w) = -4*w**3 - 19*w**2 - 18*w - 6. Let g(p) = q*m(p) + 2*c(p). Is g(5) a composite number?
False
Suppose -10*s + 3201 = s. Is s prime?
False
Suppose 89 = y - 68. Is y a composite number?
False
Let i = -388 - -209. Let f = -126 - i. Is f a prime number?
True
Suppose -o = -2*w - 41, -4*w - 266 = -5*o - 79. Let i = -9 + o. Is i prime?
False
Let l(h) = -h + 6. Let b(u) = 5*u - 25. Let i(f) = 2*b(f) + 9*l(f). Let m = -25 + 25. Is i(m) a prime number?
False
Is 0*(-2 + 1) - (-93 + -16) prime?
True
Let t(i) = 3*i + 4. Let b be t(4). Suppose -2*w - 10 + 0 = 0. Let q = b - w. Is q prime?
False
Suppose -h + 4 = 4*h - 4*g, -4 = 3*h + 4*g. Let n be 383 + (-4 - 2 - -4). Suppose h = 4*l + 3*s - 0*s - 320, -5*l = -s - n. Is l a composite number?
True
Let p(l) = -l**3 + l**2 + 5. Let q be p(0). Suppose 5*z = q*m + 3*z - 291, -5*m = -5*z - 300. Is m a composite number?
True
Let q(p) = p**2 - 7*p + 3. Let k be q(7). Suppose -108 = -k*d + 51. Is d composite?
False
Suppose -15*z + 210 = -10*z. Suppose 0 = -3*x - 0*x + z. Is x composite?
True
Suppose 4*l + 2 = 18, 3*b = 5*l + 4. Let o = b - 8. Let y(w) = -w**2 + w + 19. Is y(o) a composite number?
False
Suppose 4*y = 3*r - r + 80, 5*r = -2*y + 64. Is y a composite number?
True
Suppose 5*s + 20 = 4*k + 2*s, -3*k - 5*s = 14. Let m be 0/(k*(-1)/1). Suppose m = -4*b - 5*c + 210, 2*c = b - 22 - 37. Is b a composite number?
True
Suppose -4*f = 5*k - 461, -3*f = -6*f - k + 332. Is f a composite number?
False
Let z = 174 - 51. Is z composite?
True
Suppose -74 = -5*i - 19. Is i prime?
True
Suppose -17*y = -16*y - 37. Is y a composite number?
False
Let o be 19 + 0 + (-1)/(-1). Let s be (-1 - -2) + (-4)/(-1). Suppose u = -s*d + o, 62 = 4*u + d + d. Is u a composite number?
True
Suppose 3*h = 4*n + 53, -3*h + 2*h = -n - 14. Let z = -3 - n. Is 57/(-2)*z/(-12) a composite number?
False
Let g be -1*(-12)/(9/3). Suppose -g*b = b - 2830. Let d = b - 343. Is d a composite number?
False
Let v(h) = h. Let b be v(2). Suppose b*d = -d + 381. Is d a composite number?
False
Is -6 + 5 + (1590 - 0) a prime number?
False
Suppose k = -k + 162. Let m(p) = p**2 + 7*p + 3. Let v be m(-7). Suppose -v*u + 3*j = -k, -2*u - 3*j + 10 = -34. Is u a composite number?
True
Is 1/(2/(608 - 2)) composite?
True
Suppose 0 = -0*j + j + 4*q + 3, -3*q + 1 = 4*j. Suppose 0 = 2*u - 3 + j. Is (-2)/(-2) + u + 5 a prime number?
True
Suppose 0 = -g + 3. Suppose -i - q = -236, -q + g*q + 2 = 0. Is i prime?
False
Let s = -182 - -348. Is s composite?
True
Suppose -5*u - 16 = -4*x, -7*u + 3*u = 0. Let h = -4 + x. Suppose -4*a - 3*m + 121 = -11, h = -m. Is a prime?
False
Suppose -3*u = 4*q - 17 - 3, -2*q - 5*u = -24. Suppose q*t - 4*d - 10 = 0, -5*d + 10 = 2*t - 0. Let x(p) = p**3 - 3*p**2 + 2*p - 2. Is x(t) prime?
False
Let h = 155 - -24. Is h prime?
True
Suppose 5*h = -3*w + 3745, 3*h = -2*h - 4*w + 3750. Is 32/(-112